mmon factor of 28 and 579789.
7
Calculate the greatest common factor of 106424820 and 810.
270
What is the greatest common divisor of 30156288 and 74470?
1354
What is the greatest common factor of 1026 and 99007290?
342
Calculate the highest common divisor of 999915 and 37985.
535
Calculate the greatest common factor of 7742 and 1414574.
1106
What is the greatest common divisor of 1120 and 6900768?
224
Calculate the greatest common factor of 27 and 159794631.
9
What is the highest common divisor of 151855 and 4703875?
605
Calculate the greatest common divisor of 46 and 561530.
2
What is the greatest common divisor of 27271810 and 3246?
1082
What is the greatest common factor of 30514 and 11174812?
418
Calculate the highest common factor of 597669 and 204.
51
Calculate the highest common divisor of 48584 and 28648.
8
Calculate the highest common factor of 343239 and 106977.
507
Calculate the greatest common divisor of 17122 and 2030.
14
Calculate the greatest common divisor of 50446232 and 8.
8
Calculate the highest common factor of 5488 and 125200.
16
Calculate the highest common factor of 40670893 and 41.
41
What is the highest common divisor of 17645 and 906261316?
3529
What is the greatest common factor of 16413136 and 64?
16
What is the greatest common divisor of 2427748 and 4653784?
7204
What is the highest common factor of 20037 and 334043506?
6679
Calculate the highest common divisor of 316387 and 44767.
503
Calculate the greatest common factor of 51700710 and 2565.
285
Calculate the highest common divisor of 110 and 944533370.
110
What is the greatest common factor of 39456 and 169632?
288
Calculate the highest common factor of 79001807 and 83.
83
Calculate the greatest common factor of 198 and 10609962.
66
What is the greatest common factor of 494116 and 287?
7
Calculate the greatest common factor of 76626080 and 320.
160
What is the highest common factor of 23463 and 20937528?
2133
What is the highest common divisor of 12425 and 5396975?
25
Calculate the greatest common factor of 71474760 and 420.
420
What is the highest common factor of 155686 and 3078?
38
What is the highest common factor of 1476728 and 168101?
97
What is the greatest common divisor of 17445316 and 3059?
161
Calculate the highest common factor of 113465 and 1068485.
55
Calculate the greatest common divisor of 32566776 and 48.
24
What is the highest common factor of 5101 and 165614167?
5101
Calculate the greatest common divisor of 104131 and 154631.
101
What is the highest common factor of 6 and 1020554070?
6
What is the greatest common divisor of 267669 and 2?
1
Calculate the greatest common factor of 191595 and 615.
15
Calculate the greatest common divisor of 5 and 19273855.
5
Calculate the highest common factor of 10 and 6242240.
10
What is the highest common factor of 17212468 and 56?
28
What is the highest common factor of 22 and 300592?
2
What is the highest common divisor of 31060400 and 5200?
400
Calculate the greatest common divisor of 2732 and 2267884.
4
What is the highest common factor of 50213 and 744433?
337
What is the highest common divisor of 59 and 483819529?
59
Calculate the greatest common divisor of 5248 and 234151.
41
What is the highest common divisor of 717 and 281327617?
239
What is the highest common divisor of 13840772 and 2?
2
Calculate the greatest common divisor of 3408606 and 608592.
2454
What is the highest common divisor of 3126867810 and 11?
11
What is the greatest common factor of 335 and 5309281?
67
Calculate the greatest common factor of 7728160 and 7040.
1760
Calculate the greatest common divisor of 4842 and 4959822.
1614
What is the greatest common factor of 1756 and 26546330?
878
Calculate the highest common factor of 128 and 100638128.
16
What is the greatest common factor of 4642322 and 4726?
278
What is the highest common divisor of 463464521 and 13?
13
Calculate the highest common divisor of 34 and 35330879.
17
What is the greatest common factor of 7865 and 11715?
55
What is the greatest common factor of 46776980 and 60?
20
Calculate the greatest common factor of 992 and 273664.
32
What is the highest common divisor of 48 and 7104054?
6
Calculate the greatest common factor of 14799708 and 6840.
684
Calculate the greatest common factor of 18350364 and 2148.
2148
Calculate the greatest common divisor of 15401 and 1531.
1
Calculate the highest common factor of 60730404 and 392.
196
What is the highest common factor of 1532 and 1131981778?
766
Calculate the greatest common divisor of 63947 and 11765.
13
Calculate the highest common divisor of 41838 and 258058.
38
What is the greatest common factor of 1410313 and 756200?
3781
Calculate the highest common divisor of 40299959 and 7.
7
What is the highest common factor of 2464 and 41026304?
352
What is the highest common divisor of 954140170 and 10?
10
What is the greatest common divisor of 253022839 and 23?
23
Calculate the greatest common divisor of 1422827523 and 16785.
3357
Calculate the greatest common divisor of 12661 and 17413.
11
What is the highest common factor of 70 and 1505455?
35
What is the greatest common divisor of 5762967 and 5278?
203
What is the greatest common factor of 242780199 and 203?
29
Calculate the greatest common factor of 314 and 23248560.
314
Calculate the highest common divisor of 860 and 7172900.
20
What is the greatest common divisor of 2686326455 and 2110?
1055
Calculate the greatest common factor of 155 and 631070.
5
Calculate the highest common divisor of 74 and 2857436.
74
What is the greatest common divisor of 5440 and 107412120?
680
What is the greatest common factor of 5596 and 3348?
4
What is the greatest common factor of 132 and 52416188?
44
What is the greatest common factor of 1764582 and 1113?
159
What is the highest common factor of 260631 and 4845609?
5319
What is the highest common divisor of 943760 and 26355?
1255
What is the greatest common factor of 253514781 and 16965?
3393
Calculate the greatest common factor of 598953 and 742.
53
What is the highest common factor of 846 and 1766025?
423
What is the greatest common divisor of 210 and 404534445?
105
What is the greatest common divisor of 2688755 and 24435?
905
What is the highest common factor of 418472224 and 992?
992
Calculate the greatest common factor of 477025 and 1375.
25
Calculate the greatest common factor of 36985617 and 75051.
2421
What is the greatest common divisor of 36646000 and 160?
80
What is the highest common factor of 224 and 26775?
7
What is the greatest common factor of 165 and 69305379?
33
Calculate the highest common factor of 635284 and 1145092.
988
What is the greatest common factor of 245 and 6290135?
5
Calculate the greatest common factor of 25439840 and 2170.
310
What is the greatest common divisor of 502707562 and 6244?
3122
What is the greatest common factor of 19068 and 62412?
84
Calculate the greatest common divisor of 1397 and 6241542.
127
What is the greatest common divisor of 15912 and 3624426?
234
Calculate the greatest common factor of 3680 and 709160.
40
What is the greatest common divisor of 12 and 84048696?
12
What is the greatest common factor of 213571890 and 648?
162
What is the greatest common factor of 275 and 11520980?
5
What is the highest common factor of 2163105 and 12985?
245
What is the highest common divisor of 1123027 and 6322?
109
Calculate the highest common factor of 20238768 and 8316.
1188
What is the greatest common divisor of 30299355 and 51255?
765
Calculate the highest common divisor of 4821192 and 10440.
2088
Calculate the highest common divisor of 12604315 and 185915.
1805
What is the highest common divisor of 564 and 248811749?
47
What is the greatest common divisor of 11013747 and 38133?
669
Calculate the greatest common divisor of 13221564 and 1624.
116
What is the highest common divisor of 180686 and 3806?
22
Calculate the greatest common divisor of 180 and 42535.
5
What is the greatest common factor of 1518360 and 360?
120
What is the highest common divisor of 68 and 56406312?
4
Calculate the highest common divisor of 85063275 and 4455.
495
Calculate the highest common factor of 43382 and 162628.
218
Calculate the greatest common factor of 4572 and 22105112.
508
What is the greatest common factor of 264 and 